{"id":19295,"date":"2025-03-03T14:05:20","date_gmt":"2025-03-03T13:05:20","guid":{"rendered":"https:\/\/rt-ecologique.fr\/?page_id=19295"},"modified":"2025-03-03T14:05:20","modified_gmt":"2025-03-03T13:05:20","slug":"donnees-personnelles","status":"publish","type":"page","link":"https:\/\/rt-ecologique.fr\/?page_id=19295","title":{"rendered":"Donn\u00e9es personnelles"},"content":{"rendered":"\n<h1 class=\"wp-block-heading\">Utilisation de vos donn\u00e9es personnelles<\/h1>\n\n\n\n<p>Vie priv\u00e9e, utilisation et protection de vos donn\u00e9es sur le site&nbsp;<a href=\"https:\/\/www.rt-ecologique.fr\/\">https:\/\/www.rt-ecologique.fr\/<\/a><\/p>\n\n\n\n<p>Attentive \u00e0 la protection des donn\u00e9es personnelles et soucieuse de la vie priv\u00e9e des internautes, la soci\u00e9t\u00e9 R\u00e9seau Transition Ecologique s\u2019engage \u00e0 assurer le meilleur niveau de protection de vos donn\u00e9es. Nous mettons tout en oeuvre pour vous garantir une navigation sereine et s\u00e9curis\u00e9e sur notre site internet selon les r\u00e8gles d\u00e9finies par la Loi Fran\u00e7aise et la Communaut\u00e9 Europ\u00e9enne.<\/p>\n\n\n\n<p>La soci\u00e9t\u00e9 R\u00e9seau Transition Ecologique s\u2019engage \u00e0 ce que la collecte et le traitement de vos donn\u00e9es personnelles, effectu\u00e9s \u00e0 partir du site <a href=\"https:\/\/www.rt-ecologique.fr\/\">https:\/\/www.rt-ecologique.fr\/<\/a>, soient conformes \u00e0 la Loi Informatique et Libert\u00e9s ainsi qu\u2019au R\u00e8glement G\u00e9n\u00e9ral sur la Protection des Donn\u00e9es (RGPD) qui entre en vigueur le 25 mai 2018.<\/p>\n\n\n\n<p>Chaque formulaire pr\u00e9sent sur le site <a href=\"https:\/\/www.rt-ecologique.fr\/\">https:\/\/www.rt-ecologique.fr\/<\/a> limite la collecte de vos donn\u00e9es personnelles au strict n\u00e9cessaire et indique&nbsp;:<\/p>\n\n\n\n<ul class=\"wp-block-list\">\n<li>l\u2019objectif et la finalit\u00e9 du recueil de ces donn\u00e9es,<\/li>\n\n\n\n<li>la dur\u00e9e de conservation de celles-ci,<\/li>\n\n\n\n<li>la personne \u00e0 qui ces donn\u00e9es sont destin\u00e9es.<\/li>\n<\/ul>\n\n\n\n<h2 class=\"wp-block-heading\">Les donn\u00e9es collect\u00e9es sur notre site internet<\/h2>\n\n\n\n<p>La soci\u00e9t\u00e9 R\u00e9seau Transition Ecologique collecte et traite des informations de type&nbsp;: nom, pr\u00e9nom, adresse e-mail, num\u00e9ro de t\u00e9l\u00e9phone, adresse IP, donn\u00e9es de connexions et donn\u00e9es de navigation. Le caract\u00e8re obligatoire ou facultatif vous est signal\u00e9 lors de la collecte par un ast\u00e9risque. Certaines donn\u00e9es sont collect\u00e9es automatiquement du fait de vos actions sur notre site internet.<\/p>\n\n\n\n<p>Nous effectuons \u00e9galement des mesures d\u2019audience et de fr\u00e9quentation.<\/p>\n\n\n\n<p>Nous collectons les informations que vous nous fournissez notamment quand&nbsp;:<\/p>\n\n\n\n<ul class=\"wp-block-list\">\n<li>vous contactez notre service commercial via le formulaire de contact,<\/li>\n\n\n\n<li>vous naviguez sur notre site internet et consultez nos services.<\/li>\n<\/ul>\n\n\n\n<h2 class=\"wp-block-heading\">La dur\u00e9e de conservation de vos donn\u00e9es<\/h2>\n\n\n\n<p>Les donn\u00e9es personnelles recueillies sur le site <a href=\"https:\/\/www.rt-ecologique.fr\/\">https:\/\/www.rt-ecologique.fr\/<\/a> sont transmises et conserv\u00e9es selon des protocoles s\u00e9curis\u00e9es et ne sont pas conserv\u00e9es au-del\u00e0 de la dur\u00e9e n\u00e9cessaire au traitement de votre demande.<\/p>\n\n\n\n<h2 class=\"wp-block-heading\">Utilisation de vos donn\u00e9es via notre formulaire de contact<\/h2>\n\n\n\n<p>Les informations recueillies \u00e0 partir de ce formulaire de contact font l\u2019objet d\u2019un traitement informatique destin\u00e9 \u00e0 r\u00e9pondre \u00e0 votre demande de contact.<\/p>\n\n\n\n<p>Les donn\u00e9es personnelles recueillis sur le site <a href=\"https:\/\/www.rt-ecologique.fr\/\">https:\/\/www.rt-ecologique.fr\/<\/a> sont destin\u00e9es selon votre demande \u00e0 nos diff\u00e9rents services au sein de notre agence et ne seront pas conserv\u00e9es au-del\u00e0 de la dur\u00e9e n\u00e9cessaire au traitement de votre demande.<\/p>\n\n\n\n<h2 class=\"wp-block-heading\">Droits d\u2019acc\u00e8s, de rectification et de suppression de vos donn\u00e9es<\/h2>\n\n\n\n<p>Vous pouvez demander l\u2019acc\u00e8s \u00e0 vos informations, \u00e0 la rectification ou \u00e0 la suppression de celle-ci.<\/p>\n\n\n\n<p>Pour toutes informations suppl\u00e9mentaires ou demande de modification\/suppression de vos donn\u00e9es priv\u00e9es, vous pouvez contacter la soci\u00e9t\u00e9 R\u00e9seau Transition Ecologique&nbsp;:<\/p>\n\n\n\n<ul class=\"wp-block-list\">\n<li>par e-mail&nbsp;: contact@rt-ecologique.fr<\/li>\n\n\n\n<li>par t\u00e9l\u00e9phone :&nbsp;02 53 69 72 81,<\/li>\n\n\n\n<li>en vous rendant \u00e0 l\u2019agence : AGENCE RTE 9 BIS RUE FAUBOURG GOURDON 49600 BEAUPREAU -EN -MAUGES.<\/li>\n<\/ul>\n\n\n\n<p>La soci\u00e9t\u00e9 R\u00e9seau Transition Ecologique dispose d\u2019un d\u00e9lai de r\u00e9ponse de 2 mois suivant la date d\u2019envoi de votre demande. Pour en savoir plus sur vos droits, nous vous invitons \u00e0 consulter le site de la&nbsp;CNIL.<\/p>\n\n\n\n<p><\/p>\n","protected":false},"excerpt":{"rendered":"<p>Utilisation de vos donn\u00e9es personnelles Vie priv\u00e9e, utilisation et protection de vos donn\u00e9es sur le site&nbsp;https:\/\/www.rt-ecologique.fr\/ Attentive \u00e0 la protection des donn\u00e9es personnelles et soucieuse de la vie priv\u00e9e des internautes, la soci\u00e9t\u00e9 R\u00e9seau Transition Ecologique s\u2019engage \u00e0 assurer le meilleur niveau de protection de vos donn\u00e9es. Nous mettons tout en oeuvre pour vous garantir [&hellip;]<\/p>\n","protected":false},"author":4,"featured_media":0,"parent":0,"menu_order":0,"comment_status":"closed","ping_status":"closed","template":"","meta":{"_acf_changed":false,"footnotes":""},"class_list":["post-19295","page","type-page","status-publish","hentry"],"acf":[],"_links":{"self":[{"href":"https:\/\/rt-ecologique.fr\/index.php?rest_route=\/wp\/v2\/pages\/19295","targetHints":{"allow":["GET"]}}],"collection":[{"href":"https:\/\/rt-ecologique.fr\/index.php?rest_route=\/wp\/v2\/pages"}],"about":[{"href":"https:\/\/rt-ecologique.fr\/index.php?rest_route=\/wp\/v2\/types\/page"}],"author":[{"embeddable":true,"href":"https:\/\/rt-ecologique.fr\/index.php?rest_route=\/wp\/v2\/users\/4"}],"replies":[{"embeddable":true,"href":"https:\/\/rt-ecologique.fr\/index.php?rest_route=%2Fwp%2Fv2%2Fcomments&post=19295"}],"version-history":[{"count":1,"href":"https:\/\/rt-ecologique.fr\/index.php?rest_route=\/wp\/v2\/pages\/19295\/revisions"}],"predecessor-version":[{"id":19296,"href":"https:\/\/rt-ecologique.fr\/index.php?rest_route=\/wp\/v2\/pages\/19295\/revisions\/19296"}],"wp:attachment":[{"href":"https:\/\/rt-ecologique.fr\/index.php?rest_route=%2Fwp%2Fv2%2Fmedia&parent=19295"}],"curies":[{"name":"wp","href":"https:\/\/api.w.org\/{rel}","templated":true}]}}